, 2*v = a*p + v - 155. List the prime factors of p.
3, 5
Suppose 9*r + 5*i = 60208 + 58580, 5*r = -i + 65988. What are the prime factors of r?
3, 53, 83
Let k = 91 + -139. Let r = k + 47. List the prime factors of 60/(-8)*2/r.
3, 5
List the prime factors of ((-56631)/(-86))/(6/64).
2, 439
Suppose m = -r - 24, -8*m + 11*m = -r - 28. Let d(j) = j**2 + 5*j - 51. What are the prime factors of d(r)?
17, 19
Let b(o) = 4*o**2 - o - 17. Let g be b(-5). Let j = 167 + g. Suppose j*i - 81 = 254*i. What are the prime factors of i?
3
Let w(u) = u**3 + u**2. Let h(m) = 20*m**2 - 47*m - 1. Let f(d) = h(d) - w(d). What are the prime factors of f(15)?
2, 97
What are the prime factors of 23/(-46)*(-681362)/11?
30971
Let s be 5/(-2)*(-96)/(-120). Let z be s/(-6) + -1 + 100/(-12). Let a(q) = -6*q - 36. What are the prime factors of a(z)?
2, 3
Let y(x) = 67*x**2 + 11*x + 69. Let q be y(-5). Suppose -2*d + 3*r = -q, -r = 8 - 7. List the prime factors of d.
3, 281
What are the prime factors of 46/1*-1*1465225/(-1450)?
23, 43, 47
Let b be ((-720)/(-108))/(4/42). What are the prime factors of (-49)/b*-1*10?
7
Suppose 5*w = 4*c + 251242, 3*w - 312*c = -307*c + 150766. What are the prime factors of w?
2, 25121
Suppose 4 = -d + 2*d, -3*c + 2*d - 104 = 0. Let z = -31 - c. List the prime factors of 7/(21/261) - z.
2, 43
Let h(l) = -5*l - 5*l**2 + 4*l**2 - 35 - 10*l + l. Let b be h(-8). Suppose 14*z = b*z + 129. List the prime factors of z.
3, 43
Let l = 5563 + -3739. Let b = l + -105. List the prime factors of b.
3, 191
Let b(v) = 8048*v**2 + 26*v - 32. What are the prime factors of b(1)?
2, 4021
Let r(b) = -14 + 73*b - 149*b + 71*b. What are the prime factors of r(-18)?
2, 19
Suppose -2*r - 3*g = -4*r + 431, 0 = -5*r - 5*g + 1065. Let q = -107 + r. List the prime factors of q.
107
Let l = 932 + -492. Let z = l - -399. List the prime factors of z.
839
Let t(m) = 142*m - 114. Let a be t(11). Let l = 2537 - a. List the prime factors of l.
3, 11
Let d(n) = -n**3 - 5*n**2 - 3*n + 14. Suppose -3*i + 5*c = 3, i - c + 0 = -3. Let j be d(i). Let s = 41 + j. What are the prime factors of s?
109
Let s be ((-7)/7)/((4/(-3))/4). Suppose 0 = -n + 4*t - 1, n + 2*t - 8 = -s. Suppose 2*p = -2*z + 496, -n*p + 734 = -z - 26. What are the prime factors of p?
2, 3, 7
Let h(w) = 18218*w**3 + 416*w - 416. List the prime factors of h(1).
2, 9109
Suppose 14 + 21 = 5*s. Suppose s*r + 4893 = 14*r. List the prime factors of r.
3, 233
Let q be -1*10/((125/30)/5). What are the prime factors of (-2 - 28/q) + 20779/33?
2, 3, 5, 7
Suppose 29*n + 257901 - 2387049 = -39*n. What are the prime factors of n?
3, 7, 71
Let p(v) = -v**3 + v**2 - v - 2. Let q(u) = -u**3. Let m(i) = -p(i) + 4*q(i). Let h be ((-2 + 7)/(-15) - 1)*15/20. List the prime factors of m(h).
3
Let v(b) = 63*b**3 + 3*b**2 - 45*b + 5. List the prime factors of v(5).
2, 5, 773
Let y be (0 + -14 - -4)/(4/(-2)). Suppose -52 = -3*n - 4*v, y*v + 10 + 6 = 3*n. Suppose -n*w - 3*w + 1680 = 0. What are the prime factors of w?
2, 7
What are the prime factors of (230/6)/(3/783)?
3, 5, 23, 29
Let h(c) = -c**3 - 9*c**2 - 34*c - 10. Let k(y) = y**3 - 2*y**2 - 1. Let u(i) = -h(i) - 2*k(i). List the prime factors of u(13).
2, 227
Let p(i) = -607*i + 213. What are the prime factors of p(-10)?
61, 103
Let a be 6/5*(-44310)/(-63). Let k = 1484 - a. What are the prime factors of k?
2, 5
Suppose -2*c = -3*l - 0*c + 12, -l - c = 1. Suppose -3*m = -163 - l. Let z = m + -25. List the prime factors of z.
2, 3, 5
List the prime factors of 8048 + (-8)/(-24)*-12.
2, 2011
Suppose -352902 = -84*i + 51*i. What are the prime factors of i?
2, 5347
Let p(h) = -162 - 4*h**2 + 20*h + 15*h**2 + 45 - 5*h**2. What are the prime factors of p(9)?
3, 61
Suppose 0*u + 18*u = 4*u. Suppose 43*r - 46*r + 759 = u. What are the prime factors of r?
11, 23
Let c(i) = 98*i**2 - 1314*i - 11. List the prime factors of c(30).
7, 6967
Suppose 2*y + y = f + 2828, 0 = -5*y - 4*f + 4719. Let u = -433 + y. List the prime factors of u.
2, 3, 5, 17
Let o = -37678 - -43172. List the prime factors of o.
2, 41, 67
Suppose 2*k + 2 = o + 17, 5*k + o = 27. Let x be 16/k*(-6)/(-8). Suppose 133 = x*c + 3*n, -4*n = c + 5 - 79. List the prime factors of c.
2, 31
Suppose -9*s + 16*s + 72752 = 15*s. List the prime factors of s.
2, 4547
Let a(q) = q**2 - q. Let f(n) = n**3 + 15*n**2 + 2*n - 35. Let r(d) = -3*a(d) + f(d). List the prime factors of r(-8).
181
Let s(h) = 0*h**2 + 4 - 1 + 3*h**2. Let i = 1636 - 1628. List the prime factors of s(i).
3, 5, 13
Suppose 2*c - 2*o = 6854, -62*o - 6866 = -2*c - 63*o. What are the prime factors of c?
47, 73
Let g = -34 + 36. Let k be (-1 + (-2 - g))*44. Let l = -143 - k. What are the prime factors of l?
7, 11
Suppose 42850 = -304*k + 294*k. List the prime factors of k*1/2*12/(-15).
2, 857
Let o be -1 + -1 - (49 + -55). Suppose 0 = -2*r - 4*p + 2026, -o*r = -r + 5*p - 3042. What are the prime factors of r?
1019
Let v = -14361 - -30144. What are the prime factors of v?
3, 5261
Suppose 21*r = 44523 + 309894. What are the prime factors of r?
7, 2411
Let g = -45955 - -68203. List the prime factors of g.
2, 3, 103
Suppose 0 = 14*b - 5*j - 157712, 6*j + 56297 = 5*b + 9*j. List the prime factors of b.
7, 1609
Let z be (75/(-6))/((-10)/4). Let u(y) = -y**3 + y + 357. Let k be u(0). Suppose 348 + k = z*c. What are the prime factors of c?
3, 47
Suppose 4*d = 4*x + 24, 5*d - 69 = -5*x + 1. Suppose 0 = -d*j - 441 + 6021. What are the prime factors of j?
2, 3, 31
Let j(o) = 1218*o**2 - 90*o - 44. List the prime factors of j(4).
2, 13, 367
Let z(s) be the first derivative of 25*s**4/6 - s**3/6 - s**2/2 + 11*s + 12. Let x(b) be the first derivative of z(b). What are the prime factors of x(-1)?
2, 5
Let w(f) = -f**3 - 7*f**2 - 3*f + 6. Let p be w(-7). What are the prime factors of (10 + 6)/(1/p)?
2, 3
Suppose 30 = -3*t + 8*t. Suppose 0 = 3*x + 2*x + 120. List the prime factors of 124/t - (-16)/x.
2, 5
Suppose 0 = -n + 5*k - 25, -3*k + 2*k + 5 = 2*n. Suppose n = -3*m + 5*j + 5234, 10*j = -m + 14*j + 1747. List the prime factors of m.
3, 7, 83
Let y = -210 - -150. Let x = y - -215. List the prime factors of x.
5, 31
Suppose -2*m + 1250 + 1394 = 0. Suppose -433 + m = l - 4*h, 4*l = 5*h + 3556. What are the prime factors of l?
7, 127
Let k(g) be the first derivative of -g**3/3 + 9*g**2 + 19*g + 13. Let x be k(19). Suppose 4*r + 96 = d - x*r, 2*r = -d + 90. List the prime factors of d.
2, 23
Let i(x) = x**3 + 42*x**2 - 64*x + 123. What are the prime factors of i(-35)?
2, 3, 1823
Suppose 117970 = 9*k + 7504. List the prime factors of k.
2, 17, 19
Let d(i) = 354*i**2 + 3*i - 7. Let v(h) = 353*h**2 + 3*h - 6. Let a(f) = -4*d(f) + 5*v(f). What are the prime factors of a(1)?
2, 5, 7
Let h(s) = 33*s**2 - 7*s + 277. Let v be h(28). Suppose 24*i - v = -17*i. List the prime factors of i.
3, 211
Let m be -554 + -5 - (1 + -9). Let p = -321 - m. What are the prime factors of p?
2, 5, 23
Let q = 2620 - 2616. Let d be 30 + -1*1 + 1. Suppose q*v - 286 = -d. List the prime factors of v.
2
Suppose 0 = 2*a - l - 103, -3*a + 0*a + 147 = l. Suppose -12 = 44*y - a*y. Suppose -8*j + 5*z = -3*j - 1150, -j - y*z = -215. What are the prime factors of j?
3, 5
Suppose 0 = 43*k - 41*k. Let b(y) = 4*y + 6. Let f be b(k). Suppose -z = 2*z - f, -5*i + 5*z + 75 = 0. List the prime factors of i.
17
Let i(a) = 4*a**2 - 97*a - 465. What are the prime factors of i(84)?
3, 2179
Suppose 3*t + 8 = 4*z, -16*z + 17 = -15*z + 3*t. Let u(s) = 15*s**2 - s + 13. What are the prime factors of u(z)?
383
Suppose t = -t - 2, 2*g = 3*t + 2207. Suppose 4*l = -2*z + g, 2*z - 245 = -3*l + 579. List the prime factors of l.
2, 139
Let d(x) = x**3 - 21*x**2 + 18*x + 44. Let g(z) = 8*z - 60. Let k be g(10). Let h be d(k). Suppose -h*q + 231 = -57. List the prime factors of q.
2, 3
Let f = -422 - -424. What are the prime factors of f/6 - (-26444)/66?
401
Suppose -8 = -2*t - 2*v, -3*t - 6*v = -8*v - 22. Suppose -2495 - 5449 = -t*h. What are the prime factors of h?
2, 331
Suppose -16 = 5*f + 14. Let j = f - -7. List the prime factors of (j/(-2))/((-4)/2904*3).
11
Let m be (1 + (-6)/10)*(-33 - -38). Suppose c + 0*r - 441 = -5*r, -4*c = m*r - 1764. What are the prime factors of ((-10)/(-15))/(2/c)?
3, 7
Suppose 16 + 2 = 6*l. Suppose -8*m + l*m = -10. Su